**2 + i + 43*i**2 + 7 - 2*i. Let y be b(0). Let t be a(y). What is the highest common divisor of 7 and t?
7
Let b = -1565 + 1651. What is the greatest common factor of 3483 and b?
43
Let p be (-52)/(-4)*(1 - 2). Let n(v) = -26*v + 87. Let w be n(p). What is the highest common factor of 25 and w?
25
Let m be 20/3 + 86/258 - -110. What is the greatest common divisor of m and 162?
9
Let y = 5100 + -4967. Calculate the greatest common factor of 11837 and y.
133
Let a = 1368 - 1255. What is the greatest common divisor of 7 and a?
1
Let z be (-20)/(-3)*29/((-1160)/(-1410)). Suppose 7*h = 38 - 3. Calculate the highest common divisor of z and h.
5
Let p = -4555 - -5451. What is the highest common divisor of 532 and p?
28
Let v be (12/(-8))/(-2*1/4). Suppose 0*y = v*y - 66. Let k = 25 - y. Calculate the highest common divisor of 21 and k.
3
Let g(y) = -2*y + 13. Let o(c) = 3*c + 75. Let i be o(-23). Let n be g(i). Calculate the greatest common factor of n and 8.
1
Suppose -32*r + 16 = -31*r. Suppose 13*u - r*u + 69 = 0. What is the highest common divisor of 299 and u?
23
Let c(n) = -n**3 + 12*n**2 - 15*n - 66. Let t be c(9). What is the greatest common factor of t and 246?
6
Suppose -1 = 2*a - 3*a + 4*f, 3*f - 3 = 0. Let t be (5 + 1)/(3 - a) - -149. Let q = t - 104. What is the greatest common factor of 63 and q?
21
Let u(z) = 5*z - 45. Let p be u(9). Suppose p = 4*o - 133 - 439. What is the highest common divisor of o and 22?
11
Let l = 332 - 636. Let s = l + 324. What is the greatest common divisor of s and 25?
5
Suppose -o + 119 = -153. Suppose -o + 22 = -5*m. Suppose m - 18 = 2*y. Calculate the highest common factor of 8 and y.
8
Let l(c) be the second derivative of -c**4/2 - 91*c**3/6 + 21*c**2 - 9*c + 15. Let p be l(-15). Calculate the greatest common divisor of 114 and p.
57
Let h be ((-192)/765 - 36/(-306))*-15. Calculate the highest common divisor of h and 1726.
2
Suppose 5*v = 20, -3*n + 4*v + 2 = -0. Suppose -3*w = -2*x + 15, -3*w - 2 = 5*x - 8. Suppose 4*r - x*r = 6. What is the greatest common divisor of r and n?
6
Suppose -5*z + 80*c = 83*c - 29581, 4*z - 23664 = -2*c. Calculate the highest common factor of z and 35.
35
Let f = 608 + -562. Calculate the greatest common factor of 299 and f.
23
Suppose 0 = 38*j - 2*j - 180. Let n be -5*((-8)/16)/(j/264). Calculate the greatest common divisor of n and 220.
44
Suppose 27*c = 173159 - 32219. Calculate the greatest common factor of 180 and c.
180
Let h(d) = -11 + 6*d**3 - 12*d**3 + 4*d**3. Let o be h(-3). Calculate the highest common divisor of o and 215.
43
Let f be 2/9 + 214/9. Let d = f + -6. Let w(j) = -j**3 - 19*j**2 - 14*j - 104. Let c be w(-19). What is the highest common factor of d and c?
18
Let x be (-18 + 15)/(((-12)/16244)/1). What is the greatest common factor of x and 131?
131
Let y be ((-154)/(-21))/11*48. What is the greatest common divisor of y and 5456?
16
Let a(c) = -891*c - 881. Let u be a(-3). Calculate the greatest common factor of u and 182.
14
Let q(z) be the third derivative of z**6/120 + z**5/15 + z**4/8 - 13*z**3/3 - z**2 - 28. Let v be q(6). What is the highest common divisor of 11 and v?
11
Let z = -1781 + 1883. What is the highest common divisor of 5406 and z?
102
Let n(r) = -r**3 - 25*r**2 + 63*r - 113. Let t be n(-28). What is the highest common divisor of 665 and t?
95
Suppose 3*h - 1055 + 3625 = 4*n, 0 = -n + h + 642. Suppose -g + 6*m - 3*m = -173, 0 = -4*g - 4*m + n. What is the highest common divisor of g and 41?
41
Let a = -10373 + 10373. Suppose 3*y - 6*y + 14 = -2*i, -2*y + 2*i = -8. Suppose -y*z + 0*z + 930 = a. Calculate the greatest common divisor of 31 and z.
31
Let p(j) = 15*j**3 - 4*j**2 + 12*j + 6. Let x be p(3). Let i = x - 341. Calculate the highest common factor of i and 90.
10
Let d(y) = 8*y**3 - 287*y**2 + 17*y + 38. Let q be d(36). Calculate the greatest common divisor of q and 14.
14
Let j = 13168 + -7100. Calculate the greatest common factor of 148 and j.
148
Suppose -2*j = 2*o - 1990, -13*o - j = -8*o - 4947. What is the greatest common factor of 676 and o?
52
Suppose 12 = u + z, 0 = -0*u + 4*u + z - 36. Let x be (-2 - -1) + 6 - (1 - 455). Let r be (8/(-3))/((-51)/x). What is the highest common divisor of r and u?
8
Let t be 7 + (0/2)/(-1). Suppose -2*o - 3 + 9 = 4*r - 8, 5*r = 0. Suppose t*v - 42 + o = 0. What is the greatest common factor of 40 and v?
5
Let n = 8420 + -8132. What is the highest common factor of 640 and n?
32
Let h be 10 + -12 - (0 + 0) - -21. Suppose -2*d = -2*i + 64, -3*i + 37 = 5*d - h. Suppose -107 = -2*u - i. Calculate the greatest common divisor of u and 5.
5
Let z be 10/(-12) + (-1)/((-6)/1433). Calculate the greatest common divisor of z and 2482.
34
Let g be 444/10 + 6/(-15). Let m be 2 - 13 - (-5 - -5). Let r be m/2 + 6 + (-7)/(-2). Calculate the greatest common divisor of r and g.
4
Let s(x) = 59*x**2 + 295*x + 2319. Let l be s(-8). What is the greatest common divisor of 180 and l?
45
Let t = -8 + 74. Suppose 10*r = 13*r - t. Suppose -r*w = -18*w - 140. Calculate the greatest common factor of 7 and w.
7
Let f be (-5 + 164/28)/((-6640)/952 + 7). What is the greatest common divisor of f and 35088?
34
Let v(a) = -145*a + 11. Let p be v(2). Let z = 356 + p. What is the highest common factor of 176 and z?
11
Let j(d) = -82*d - 79. Let i(g) = -41*g - 40. Let p(q) = 5*i(q) - 3*j(q). Let z be p(5). Let n = -146 + z. What is the greatest common divisor of 12 and n?
12
Let t(d) = -d**3 + 30*d**2 + 2*d - 29. Let s be t(30). Suppose p = -s + 38. What is the greatest common factor of 154 and p?
7
Let w be (-48)/18*6/(-4). Let v be w/6 + 112/21. Suppose -v*u + 246 = -42. What is the greatest common divisor of 16 and u?
16
Suppose -4*n = 4*i - 67 - 25, -3*i = -2*n - 89. What is the highest common divisor of i and 189?
27
Let w = 11 - 10. Suppose -l = 2*f - 89, -w = f - 0. Suppose 4*g + s + s - 58 = 0, -24 = -3*g + 5*s. Calculate the greatest common factor of l and g.
13
Suppose -2*x = 3*w - 200, -2*w + 617 = 3*x + 332. What is the highest common divisor of x and 572?
13
Let y be (-28)/(-21) + 8/3. Let a(s) = -y*s + 8*s + 11*s - s + 6. Let m be a(3). What is the highest common factor of 336 and m?
48
Let h(n) = 58*n**2 + 3. Let m be h(-3). Suppose 0 = -4*p - 4*z + 1420, p + 190 - m = 4*z. Calculate the greatest common divisor of 54 and p.
27
Let o(h) = 1743*h - 2340. Let z be o(4). Calculate the highest common factor of 96 and z.
24
Suppose -3*g = -v - 3, -34 = 60*v - 62*v - 4*g. What is the highest common factor of v and 219?
3
Suppose 4*l + 16 = 4*f, 4*l = -3*f - 2*f + 20. Suppose l = -57*c + 36*c + 231. Let w be 1/(-3) - (-331)/3. Calculate the greatest common divisor of c and w.
11
Let r be 2014/4 + 9/18. Suppose 0 = -67*d + 48*d + 456. What is the greatest common divisor of r and d?
24
Let r(k) = -251*k - 103. Let m be r(-6). Let w(a) = a**2 - 2*a - 134. Let d be w(-13). Calculate the greatest common divisor of d and m.
61
Let z(r) = 210*r. Let b be z(1). Suppose 0 = -2*o - 2, 4*w = -2*o + 1371 - 869. Calculate the highest common factor of w and b.
42
Suppose -3*p - 4*j - 302 = -78, -5*p - 4*j - 376 = 0. Let a = p + 202. Calculate the highest common factor of a and 12.
6
Suppose 5*d + 5*y = -20, 8 = -4*d - 3*y - 4. Suppose d = j + 4 - 55. What is the greatest common divisor of j and 476?
17
Let a be 12089/55 + -19 - (-2)/10. What is the highest common factor of a and 198?
3
Let d = -912289 - -912381. Let k be 82/5 + (-2)/5. Calculate the greatest common divisor of d and k.
4
Let h = 2437 - 2406. Calculate the highest common divisor of 1457 and h.
31
Let r(w) = 30*w + 38. Let o be 45/4 + -2 + 24/32. Let f be r(o). What is the greatest common divisor of f and 26?
26
Suppose 0 = 8*i - 15*i - 385. Let n be (i/5 - -5)*-70. Calculate the highest common divisor of n and 35.
35
Let r = -1158 + 1163. Let u be 2/(-10) - 306/(-30). Calculate the highest common factor of r and u.
5
Let j be (-1)/((20/(-8) - -3)/(27*-2)). What is the highest common divisor of 492 and j?
12
Let i be 3 + 4/(5*(-4)/(-20)). Suppose -2*z = 3*k - 35, -3*k + i = z - 9. What is the greatest common factor of z and 551?
19
Suppose 13364*z - 13374*z = -1650. Calculate the highest common divisor of z and 570.
15
Let f(y) = 4*y**2 + 15*y - 396. Let w be f(12). 